{"id":3054,"date":"2021-09-30T23:15:42","date_gmt":"2021-09-30T23:15:42","guid":{"rendered":"https:\/\/mformas3d.com.br\/site\/?post_type=product&#038;p=3054"},"modified":"2025-03-21T16:18:41","modified_gmt":"2025-03-21T16:18:41","slug":"braco-das-mangueira-para-saeco-phedra","status":"publish","type":"product","link":"https:\/\/mformas3d.com.br\/site\/produto\/braco-das-mangueira-para-saeco-phedra\/","title":{"rendered":"Bra\u00e7o das mangueira para Saeco Phedra"},"content":{"rendered":"<p>Bra\u00e7o das mangueira para Saeco Phedra<\/p>\n","protected":false},"excerpt":{"rendered":"<ol>\n<li>Bra\u00e7o das mangueira para Saeco Phedra<\/li>\n<\/ol>\n<p>Pe\u00e7a diferenciada, refor\u00e7ada, com os encaixes perfeitos id\u00eanticos ao original, excelente qualidade e durabilidade feita em impressora 3D<\/p>\n<p>Produto novo.<\/p>\n","protected":false},"featured_media":3065,"comment_status":"open","ping_status":"closed","template":"","meta":{"site-sidebar-layout":"default","site-content-layout":"default","ast-global-header-display":"","ast-main-header-display":"","ast-hfb-above-header-display":"","ast-hfb-below-header-display":"","ast-hfb-mobile-header-display":"","site-post-title":"","ast-breadcrumbs-content":"","ast-featured-img":"","footer-sml-layout":"","theme-transparent-header-meta":"default","adv-header-id-meta":"","stick-header-meta":"","header-above-stick-meta":"","header-main-stick-meta":"","header-below-stick-meta":""},"product_brand":[],"product_cat":[34],"product_tag":[38,40,41,39,37],"class_list":{"0":"post-3054","1":"product","2":"type-product","3":"status-publish","4":"has-post-thumbnail","6":"product_cat-pecas-para-maquinas-cafe","7":"product_tag-acessorios-para-maquinas-de-cafe","8":"product_tag-braco-da-mangueira-saeco-phedra","9":"product_tag-braco-para-maquina-de-cafe","10":"product_tag-pecas-3d","11":"product_tag-pecas-para-maquina-de-cafe","12":"desktop-align-left","13":"tablet-align-left","14":"mobile-align-left","16":"first","17":"outofstock","18":"taxable","19":"shipping-taxable","20":"purchasable","21":"product-type-simple"},"_links":{"self":[{"href":"https:\/\/mformas3d.com.br\/site\/wp-json\/wp\/v2\/product\/3054","targetHints":{"allow":["GET"]}}],"collection":[{"href":"https:\/\/mformas3d.com.br\/site\/wp-json\/wp\/v2\/product"}],"about":[{"href":"https:\/\/mformas3d.com.br\/site\/wp-json\/wp\/v2\/types\/product"}],"replies":[{"embeddable":true,"href":"https:\/\/mformas3d.com.br\/site\/wp-json\/wp\/v2\/comments?post=3054"}],"version-history":[{"count":3,"href":"https:\/\/mformas3d.com.br\/site\/wp-json\/wp\/v2\/product\/3054\/revisions"}],"predecessor-version":[{"id":3735,"href":"https:\/\/mformas3d.com.br\/site\/wp-json\/wp\/v2\/product\/3054\/revisions\/3735"}],"wp:featuredmedia":[{"embeddable":true,"href":"https:\/\/mformas3d.com.br\/site\/wp-json\/wp\/v2\/media\/3065"}],"wp:attachment":[{"href":"https:\/\/mformas3d.com.br\/site\/wp-json\/wp\/v2\/media?parent=3054"}],"wp:term":[{"taxonomy":"product_brand","embeddable":true,"href":"https:\/\/mformas3d.com.br\/site\/wp-json\/wp\/v2\/product_brand?post=3054"},{"taxonomy":"product_cat","embeddable":true,"href":"https:\/\/mformas3d.com.br\/site\/wp-json\/wp\/v2\/product_cat?post=3054"},{"taxonomy":"product_tag","embeddable":true,"href":"https:\/\/mformas3d.com.br\/site\/wp-json\/wp\/v2\/product_tag?post=3054"}],"curies":[{"name":"wp","href":"https:\/\/api.w.org\/{rel}","templated":true}]}}