{"id":3149,"date":"2021-10-03T20:44:27","date_gmt":"2021-10-03T20:44:27","guid":{"rendered":"https:\/\/mformas3d.com.br\/site\/?post_type=product&#038;p=3149"},"modified":"2024-01-02T22:02:15","modified_gmt":"2024-01-02T22:02:15","slug":"engrenagem-para-acionamento-do-grupo-vienna-plus-saeco","status":"publish","type":"product","link":"https:\/\/mformas3d.com.br\/site\/produto\/engrenagem-para-acionamento-do-grupo-vienna-plus-saeco\/","title":{"rendered":"Engrenagem Para Acionamento Do Grupo Vienna Plus Saeco"},"content":{"rendered":"<p class=\"ui-pdp-title\">Engrenagem Para Acionamento Do Grupo Vienna Plus Saeco<\/p>\n","protected":false},"excerpt":{"rendered":"<p class=\"ui-pdp-title\">Engrenagem Para Acionamento Do Grupo Vienna Plus Saeco<\/p>\n<p>Pe\u00e7a com bom acabamento id\u00eantica a original encaixe perfeito e \u00f3tima qualidade.<\/p>\n<p>12 dentes no di\u00e2metro menor<br \/>\n90 dentes no di\u00e2metro maior<\/p>\n","protected":false},"featured_media":3150,"comment_status":"open","ping_status":"closed","template":"","meta":{"site-sidebar-layout":"default","site-content-layout":"default","ast-global-header-display":"","ast-main-header-display":"","ast-hfb-above-header-display":"","ast-hfb-below-header-display":"","ast-hfb-mobile-header-display":"","site-post-title":"","ast-breadcrumbs-content":"","ast-featured-img":"","footer-sml-layout":"","theme-transparent-header-meta":"default","adv-header-id-meta":"","stick-header-meta":"","header-above-stick-meta":"","header-main-stick-meta":"","header-below-stick-meta":""},"product_brand":[],"product_cat":[34],"product_tag":[88,87,86,84,85],"class_list":{"0":"post-3149","1":"product","2":"type-product","3":"status-publish","4":"has-post-thumbnail","6":"product_cat-pecas-para-maquinas-cafe","7":"product_tag-acessorio-para-maquina-vienna-plus-saeco","8":"product_tag-acessorios-saeco-vienna-plus","9":"product_tag-engrenagem-de-acionamento","10":"product_tag-engrenagem-para-acionamento-do-grupo","11":"product_tag-engrenagem-para-maquina-de-cafe-saeco","12":"desktop-align-left","13":"tablet-align-left","14":"mobile-align-left","16":"first","17":"instock","18":"taxable","19":"shipping-taxable","20":"purchasable","21":"product-type-simple"},"_links":{"self":[{"href":"https:\/\/mformas3d.com.br\/site\/wp-json\/wp\/v2\/product\/3149","targetHints":{"allow":["GET"]}}],"collection":[{"href":"https:\/\/mformas3d.com.br\/site\/wp-json\/wp\/v2\/product"}],"about":[{"href":"https:\/\/mformas3d.com.br\/site\/wp-json\/wp\/v2\/types\/product"}],"replies":[{"embeddable":true,"href":"https:\/\/mformas3d.com.br\/site\/wp-json\/wp\/v2\/comments?post=3149"}],"version-history":[{"count":1,"href":"https:\/\/mformas3d.com.br\/site\/wp-json\/wp\/v2\/product\/3149\/revisions"}],"predecessor-version":[{"id":3151,"href":"https:\/\/mformas3d.com.br\/site\/wp-json\/wp\/v2\/product\/3149\/revisions\/3151"}],"wp:featuredmedia":[{"embeddable":true,"href":"https:\/\/mformas3d.com.br\/site\/wp-json\/wp\/v2\/media\/3150"}],"wp:attachment":[{"href":"https:\/\/mformas3d.com.br\/site\/wp-json\/wp\/v2\/media?parent=3149"}],"wp:term":[{"taxonomy":"product_brand","embeddable":true,"href":"https:\/\/mformas3d.com.br\/site\/wp-json\/wp\/v2\/product_brand?post=3149"},{"taxonomy":"product_cat","embeddable":true,"href":"https:\/\/mformas3d.com.br\/site\/wp-json\/wp\/v2\/product_cat?post=3149"},{"taxonomy":"product_tag","embeddable":true,"href":"https:\/\/mformas3d.com.br\/site\/wp-json\/wp\/v2\/product_tag?post=3149"}],"curies":[{"name":"wp","href":"https:\/\/api.w.org\/{rel}","templated":true}]}}