{"id":3500,"date":"2022-06-22T01:01:02","date_gmt":"2022-06-22T01:01:02","guid":{"rendered":"https:\/\/mformas3d.com.br\/site\/?post_type=product&#038;p=3500"},"modified":"2024-01-02T22:02:13","modified_gmt":"2024-01-02T22:02:13","slug":"suporte-p-copo-de-saida-cafeteira-gaggia-sycrony-logic","status":"publish","type":"product","link":"https:\/\/mformas3d.com.br\/site\/produto\/suporte-p-copo-de-saida-cafeteira-gaggia-sycrony-logic\/","title":{"rendered":"Suporte P\/ Copo De Sa\u00edda Cafeteira Gaggia Sycrony Logic"},"content":{"rendered":"","protected":false},"excerpt":{"rendered":"<p>Pe\u00e7a de bom acabamento id\u00eantica a original com encaixe perfeito e \u00f3tima qualidade.<br \/>\nFeita em pl\u00e1stico ABS.<br \/>\nCom refor\u00e7os nas partes que mais quebram.<\/p>\n","protected":false},"featured_media":3504,"comment_status":"open","ping_status":"closed","template":"","meta":{"site-sidebar-layout":"default","site-content-layout":"default","ast-global-header-display":"","ast-main-header-display":"","ast-hfb-above-header-display":"","ast-hfb-below-header-display":"","ast-hfb-mobile-header-display":"","site-post-title":"","ast-breadcrumbs-content":"","ast-featured-img":"","footer-sml-layout":"","theme-transparent-header-meta":"default","adv-header-id-meta":"","stick-header-meta":"","header-above-stick-meta":"","header-main-stick-meta":"","header-below-stick-meta":""},"product_brand":[],"product_cat":[34],"product_tag":[38,153,152],"class_list":{"0":"post-3500","1":"product","2":"type-product","3":"status-publish","4":"has-post-thumbnail","6":"product_cat-pecas-para-maquinas-cafe","7":"product_tag-acessorios-para-maquinas-de-cafe","8":"product_tag-cafeteira-gaggia-sycrony","9":"product_tag-suporte-para-copo-de-saida","10":"desktop-align-left","11":"tablet-align-left","12":"mobile-align-left","14":"first","15":"instock","16":"taxable","17":"shipping-taxable","18":"purchasable","19":"product-type-simple"},"_links":{"self":[{"href":"https:\/\/mformas3d.com.br\/site\/wp-json\/wp\/v2\/product\/3500","targetHints":{"allow":["GET"]}}],"collection":[{"href":"https:\/\/mformas3d.com.br\/site\/wp-json\/wp\/v2\/product"}],"about":[{"href":"https:\/\/mformas3d.com.br\/site\/wp-json\/wp\/v2\/types\/product"}],"replies":[{"embeddable":true,"href":"https:\/\/mformas3d.com.br\/site\/wp-json\/wp\/v2\/comments?post=3500"}],"version-history":[{"count":2,"href":"https:\/\/mformas3d.com.br\/site\/wp-json\/wp\/v2\/product\/3500\/revisions"}],"predecessor-version":[{"id":3513,"href":"https:\/\/mformas3d.com.br\/site\/wp-json\/wp\/v2\/product\/3500\/revisions\/3513"}],"wp:featuredmedia":[{"embeddable":true,"href":"https:\/\/mformas3d.com.br\/site\/wp-json\/wp\/v2\/media\/3504"}],"wp:attachment":[{"href":"https:\/\/mformas3d.com.br\/site\/wp-json\/wp\/v2\/media?parent=3500"}],"wp:term":[{"taxonomy":"product_brand","embeddable":true,"href":"https:\/\/mformas3d.com.br\/site\/wp-json\/wp\/v2\/product_brand?post=3500"},{"taxonomy":"product_cat","embeddable":true,"href":"https:\/\/mformas3d.com.br\/site\/wp-json\/wp\/v2\/product_cat?post=3500"},{"taxonomy":"product_tag","embeddable":true,"href":"https:\/\/mformas3d.com.br\/site\/wp-json\/wp\/v2\/product_tag?post=3500"}],"curies":[{"name":"wp","href":"https:\/\/api.w.org\/{rel}","templated":true}]}}